of v(-1)?
9
Let b(w) = 2*w**2 - 5*w - 3*w**2 - 5 + 6*w + 8*w. What is the units digit of b(8)?
3
Let a = -62 + 122. Suppose -i + 6*i = a. What is the tens digit of i?
1
Suppose -2*z + 6 = -2. Let h = 4 - z. Suppose h = -4*a + 3*a + 14. What is the tens digit of a?
1
Let z = 6 + -2. Suppose z*p = -p. Suppose 0 = -5*o - 3*a + 37, p = -4*o - 6*a + 3*a + 32. What is the units digit of o?
5
Let h(v) = v**2 - 1. Let g(n) = 2*n**2 + 4*n - 7. Let x(q) = -g(q) + 6*h(q). What is the units digit of x(3)?
5
Let s be ((-7)/4)/((-2)/(-8)). Let r = 10 - s. What is the tens digit of r?
1
Suppose 29*y - 28*y - 12 = 0. What is the units digit of y?
2
Suppose 4*b = 3*b + 4. What is the units digit of b/6*21/2?
7
Suppose -6*v + y = -v + 6, 10 = -v - 2*y. Let q be v/6 + 236/6. What is the tens digit of -3 + q/3 - -2?
1
What is the units digit of (3 - -120) + (-8)/4?
1
Suppose 4*a + 0*a = 4*q + 184, -210 = -5*a - 5*q. What is the tens digit of a?
4
Suppose 4*n - 127 - 167 = -2*u, 3 = -u. What is the tens digit of n?
7
Let w = 10 + -5. Suppose -17 - 23 = -w*u. What is the units digit of u?
8
Let q = 12 - 11. What is the units digit of 17 + (q - (3 - 0))?
5
Let v(g) = g + 1. Let p(i) = 5*i + 4. Let k(z) = -p(z) + 6*v(z). Let t be k(-3). What is the units digit of (-6)/(t - 1/1)?
3
What is the tens digit of 1/(-4) + 2665/52?
5
Suppose 0 = c, 2*d - 696 = 2*c + c. What is the hundreds digit of d?
3
What is the tens digit of (86/(-5))/((-236)/(-80) - 3)?
4
Suppose 3*x - 447 = -3*q, 0*x + 598 = 4*q + 2*x. What is the hundreds digit of q?
1
Suppose 0*i - 2*u = -4*i + 464, -116 = -i - 5*u. What is the tens digit of i?
1
Let f(b) = -37*b**3 + b**2 + 2*b + 1. Let h be f(-1). Let i = -16 + 26. Suppose 4*q = 2*q - i, h = 2*l - 5*q. What is the units digit of l?
6
Let n = 12 - -1. What is the units digit of 11/n - (-8)/52?
1
Suppose 5*f + 1 - 10 = 2*d, -3*d + 12 = f. What is the units digit of d/1*10/6?
5
Let v(u) = 8*u**3 - u**2 - u - 2. Let n = -3 - -5. Let d be v(n). Suppose 2*l = 2*a - a - 17, -4*a + 2*l = -d. What is the units digit of a?
3
Let v = -240 + 356. What is the hundreds digit of v?
1
Suppose 4*q - 4*b = 0, q = 2*q - 3*b. Suppose 4*x + 12 = -i, -4*i + 5*x + 36 = -q*i. Suppose 0 = i*k - 0 - 8. What is the units digit of k?
2
Let p(z) be the second derivative of 4*z**3/3 - 3*z**2/2 - z. What is the units digit of p(2)?
3
Let c be 1*5 - (-6 - -9). Suppose 12 = c*s - 28. What is the units digit of (12*1)/(15/s)?
6
Let d = -1 - 2. Let o be ((-6)/4)/(d/4). Suppose -6 = -2*s, 2*j - 4 = -0*s + o*s. What is the units digit of j?
5
Suppose 0*d + 5*v = -3*d + 3, 4*d + v - 4 = 0. What is the units digit of (-7)/2*(d - 3)?
7
Let i(u) = -23*u - 26*u - 14 + 45*u + u**2. What is the units digit of i(10)?
6
Suppose q + 126 = 3*q - 3*u, q - 2*u = 62. What is the tens digit of q?
6
Let z(h) = -2*h**3 + 3*h**2 - h + 2. Let d be z(2). Let f = -12 + 17. Let v = f + d. What is the units digit of v?
1
Suppose -4*m = -r + 4*r + 1700, -m - 4*r = 412. What is the units digit of 2/4 + m/(-8)?
4
Suppose 3*n - 5*q + 28 = 2*n, -5*n = -q + 44. Let l(o) = -o - 7. What is the units digit of l(n)?
1
Suppose -50 = -3*n - 20. What is the units digit of n?
0
What is the tens digit of (12/10)/(3/135)?
5
Let r(u) = -u**3 - 2*u**2 - 4*u - 3. Let p be r(-2). Suppose 5 = a - p*w, -2 + 5 = 2*a - 3*w. Let o = 1 - a. What is the units digit of o?
1
Let q(k) = k**3 - 8*k**2 + k - 1. What is the units digit of q(8)?
7
Let p = 30 + -8. What is the units digit of p?
2
Let p(t) = 4*t - 2. Let i be p(2). What is the units digit of (-3 + i)/((-9)/(-21))?
7
Let c = -5 + 5. Suppose -y = -3*y - 2*v - 8, 2*y - 2*v - 8 = c. Suppose 0 = 5*m + o - 42 - 33, o = y. What is the units digit of m?
5
Suppose -t - 2*t - 49 = -4*i, 0 = i - t - 11. What is the units digit of i?
6
Suppose 5*x - 251 + 61 = 0. What is the units digit of x?
8
Let d(k) = 3*k**2 + 1 + 3*k**2 + k - 3*k. Let t be d(1). Suppose -t = -o - 0*o. What is the units digit of o?
5
Let x = 29 + 65. Let n be (-1)/(-2) + x/4. Suppose -6 - n = -3*r. What is the tens digit of r?
1
Suppose 0 = 4*o + 2*p - 140, 4*o - 5*p = 5*o - 26. What is the units digit of o?
6
Suppose -9*k + 748 = -5*k. What is the units digit of k?
7
Let l(h) = h**2 - 7*h - 8. What is the tens digit of l(11)?
3
Suppose 4*h + 3*k = 3, 0*h = 4*h - 5*k - 27. Let q(s) = 7*s + 1. What is the tens digit of q(h)?
2
Suppose -g = -m, 0 = -4*g + g + 4*m + 2. Let l be (-15)/(-6)*(-32)/(-10). Let o = g + l. What is the units digit of o?
6
Let n(r) = -3*r**2 - 4*r + 32. Let i(m) = -4*m**2 - 5*m + 32. Let o(q) = -4*i(q) + 5*n(q). What is the tens digit of o(0)?
3
Suppose 4*q + 3*x - 25 = 5, 0 = q - x - 4. Let p be 0*(2 - 5)/q. Let k = p + 1. What is the units digit of k?
1
Suppose g - 4*c = -9*c + 12, 0 = 4*g + 5*c - 33. Suppose -4*z + 1 = -g. What is the units digit of z?
2
Let b(o) = -2*o - 5. Let r be b(-4). Suppose -4*q + l + 8 = 0, 0 = r*q + q - 3*l - 16. What is the units digit of (-1)/q + -1 - -11?
9
Suppose 91 - 613 = -6*m. What is the tens digit of m?
8
Let v be 0/1*(-6)/12. Suppose v*r - 57 = -3*r. What is the tens digit of r?
1
Suppose -v - 4*v - 20 = 0. What is the units digit of (v/12)/((-2)/6)?
1
Let k(u) = 97*u - 1. Let f be k(1). Suppose 3*i - 5*i + f = 0. What is the tens digit of i?
4
Let i = 9 - 6. Let v be -1 + i + (-9 - 0). Let b = 9 - v. What is the units digit of b?
6
Let w be (-6)/27 - 1707/(-27). Let s be -1*(-2)/((-6)/w). Let v = -14 - s. What is the units digit of v?
7
Suppose -44 = -6*s + 4*s. What is the tens digit of s?
2
Let g(t) = 71*t**3 - 11*t**2 - 11*t + 5. Let a(b) = 36*b**3 - 5*b**2 - 5*b + 2. Let k(x) = -7*a(x) + 3*g(x). What is the tens digit of k(-1)?
4
Let t(d) = -d + 4. Let u be t(2). Suppose z - 30 = -u*z. Suppose z - 38 = -4*i. What is the units digit of i?
7
What is the tens digit of 4/22 - 1216/(-88)?
1
Let k be ((-9)/(-4) + -2)*4. What is the units digit of (8/k)/(1/1)?
8
Let y(m) = -m**2 + 5*m + 2. Let b be y(5). Suppose b*l - 4*i - 6 = l, 0 = -l - 5*i - 12. Let a = 11 - l. What is the units digit of a?
3
Let r(w) = w**3 + w**2 - 2. Let i(g) = 2*g**3 + g**2 - 4. Let c(f) = 4*i(f) - 9*r(f). Let s = -5 - 0. What is the units digit of c(s)?
2
Let u = 6 - 13. Let k = -12 - u. What is the tens digit of 2/k - (-124)/10?
1
Let n(x) = x**2 + 10*x - 5. Let d = -36 - -25. What is the units digit of n(d)?
6
Let x(o) = 39*o - 2. What is the units digit of x(1)?
7
Suppose 4*k - 93 + 13 = 0. Suppose 18 = 2*l - k. What is the tens digit of l?
1
Suppose 3*p = 374 - 35. What is the units digit of p?
3
Suppose 3*t - z = 381, -t - 508 = -5*t + 3*z. What is the tens digit of t?
2
Suppose -l = -3*x + 726, 5*x - l + 3*l = 1199. What is the units digit of x?
1
Suppose z + 2*b = -b + 22, 0 = 5*z - 5*b - 90. Suppose 6*q - z = 5*q. What is the units digit of q?
9
Let d(o) = -3*o. Let c be d(-1). Suppose 8 = c*b - 4. What is the units digit of b?
4
Suppose -3*d + 4 = -20. Suppose d = 3*n - 1. Suppose 0 = n*i - 4*h - 41, -i + 3*h + 43 = 3*i. What is the units digit of i?
7
Suppose 4 = -3*a + 4*a. Suppose 5*m - 26 = -11. Suppose -4*l + m*y + 20 = l, 0 = 5*l - a*y - 20. What is the units digit of l?
4
Suppose 4*j + 2*l - 528 = 104, -5*j + 785 = 5*l. What is the units digit of j?
9
Suppose 2*g - 693 = -5*a, -4*a - g + 323 = -229. What is the hundreds digit of a?
1
Let q be (5 - 2)/(-1) - -27. What is the units digit of (3 + -2)*(q + 0)?
4
What is the units digit of 69 + (-5 - (1 + -4))?
7
Let k(l) = -2*l**3 - 6*l**2 + 15*l - 7. Let a(i) = i**3 + 3*i**2 - 7*i + 3. Let q(h) = -13*a(h) - 6*k(h). What is the units digit of q(-4)?
5
Let r = -144 + 226. What is the tens digit of r?
8
Suppose 0 = -4*k + 10*k - 18. Suppose 9*f - k*f = 48. What is the units digit of f?
8
Suppose m = 5*m - 8. Suppose -4*f - 3*k = -11 - 29, -m*f - k = -18. What is the units digit of f?
7
Suppose 293 - 83 = 3*d. What is the tens digit of d?
7
Let a(w) = -4 + 1 + 2 - 12*w. What is the units digit of a(-1)?
1
Let i = 282 + -160. What is the tens digit of i?
2
Let p = -14 - -22. Suppose 4*w = p*w - 4*l - 68, -l - 73 = -5*w. What is the tens digit of w?
1
Let v(t) = 2*t**2 + 6*t - 5. Let h be v(-5). Suppose 5*y + 0 = -55. Let a = y + h. What is the units digit of a?
4
Let x(t) = 15*t - 1. What is the tens digit of x(2)?
2
W